7.
77
What is the highest common divisor of 345 and 895?
5
What is the greatest common divisor of 210 and 1110?
30
What is the highest common factor of 63 and 15?
3
What is the greatest common factor of 333 and 99?
9
Calculate the highest common factor of 72 and 464.
8
Calculate the greatest common factor of 57 and 1007.
19
What is the greatest common factor of 90 and 99?
9
What is the highest common divisor of 15 and 195?
15
What is the greatest common factor of 336 and 8904?
168
Calculate the greatest common factor of 378 and 9774.
54
What is the highest common factor of 1072 and 16?
16
Calculate the highest common divisor of 788 and 3349.
197
What is the highest common divisor of 76 and 1045?
19
Calculate the greatest common factor of 15617 and 322.
161
What is the greatest common factor of 5043 and 41?
41
Calculate the highest common factor of 72 and 168.
24
Calculate the highest common factor of 7611 and 258.
129
What is the greatest common divisor of 129 and 15?
3
What is the greatest common factor of 90 and 60?
30
Calculate the highest common divisor of 1665 and 45.
45
What is the highest common factor of 225 and 200?
25
Calculate the greatest common divisor of 170 and 2975.
85
What is the greatest common factor of 169 and 14?
1
Calculate the greatest common divisor of 207 and 460.
23
Calculate the highest common factor of 4675 and 25.
25
Calculate the greatest common divisor of 58 and 7.
1
What is the greatest common factor of 5 and 65?
5
Calculate the greatest common divisor of 350 and 5.
5
What is the greatest common factor of 5687 and 94?
47
What is the highest common divisor of 16 and 752?
16
Calculate the highest common factor of 767 and 13.
13
Calculate the highest common factor of 1232 and 1144.
88
Calculate the greatest common factor of 4438 and 42.
14
Calculate the highest common divisor of 3 and 183.
3
Calculate the highest common factor of 1635 and 15369.
327
Calculate the greatest common factor of 2951 and 908.
227
Calculate the highest common factor of 11088 and 32.
16
Calculate the greatest common factor of 9618 and 42.
42
What is the highest common divisor of 91 and 112?
7
Calculate the greatest common factor of 189 and 84.
21
Calculate the greatest common factor of 260 and 80.
20
What is the greatest common factor of 91 and 130?
13
What is the highest common factor of 96 and 10848?
96
What is the greatest common divisor of 32 and 26304?
32
Calculate the greatest common factor of 35 and 28.
7
Calculate the greatest common divisor of 9 and 636.
3
Calculate the highest common divisor of 2 and 14.
2
What is the greatest common divisor of 130 and 39?
13
Calculate the highest common factor of 140 and 35.
35
Calculate the highest common divisor of 258 and 438.
6
What is the greatest common divisor of 472 and 590?
118
Calculate the greatest common factor of 7 and 21.
7
Calculate the greatest common factor of 15 and 1095.
15
What is the greatest common factor of 464 and 64?
16
Calculate the greatest common divisor of 38 and 1026.
38
What is the greatest common divisor of 124 and 4?
4
Calculate the greatest common divisor of 1008 and 378.
126
Calculate the highest common factor of 35788 and 92.
92
Calculate the highest common factor of 45 and 405.
45
Calculate the greatest common factor of 12493 and 217.
31
Calculate the highest common factor of 28 and 7.
7
Calculate the highest common factor of 56 and 7.
7
What is the highest common divisor of 72 and 240?
24
What is the highest common divisor of 31 and 36797?
31
Calculate the highest common factor of 553 and 7.
7
What is the greatest common divisor of 490 and 210?
70
What is the highest common factor of 10 and 830?
10
What is the highest common divisor of 58 and 464?
58
Calculate the highest common factor of 12 and 116.
4
What is the greatest common factor of 410 and 41?
41
What is the highest common divisor of 8413 and 235?
47
Calculate the greatest common factor of 2613 and 338.
13
What is the greatest common factor of 30481 and 17?
17
What is the highest common factor of 833 and 238?
119
Calculate the greatest common divisor of 23 and 115.
23
Calculate the highest common divisor of 2387 and 77.
77
What is the highest common factor of 185 and 11840?
185
What is the highest common divisor of 25 and 8?
1
What is the greatest common divisor of 17 and 17?
17
What is the highest common factor of 508 and 8?
4
What is the highest common factor of 54341 and 49?
49
Calculate the highest common divisor of 18814 and 46.
46
Calculate the greatest common divisor of 8321 and 1413.
157
What is the highest common divisor of 75 and 120?
15
Calculate the greatest common divisor of 841 and 29.
29
What is the greatest common factor of 396 and 144?
36
What is the highest common factor of 72 and 64?
8
Calculate the greatest common factor of 92508 and 156.
156
What is the greatest common factor of 145 and 5684?
29
Calculate the highest common divisor of 16 and 292.
4
Calculate the highest common factor of 135 and 435.
15
Calculate the greatest common divisor of 12029 and 23.
23
What is the greatest common factor of 74 and 28786?
74
What is the highest common divisor of 42 and 7?
7
Calculate the greatest common divisor of 156 and 6708.
156
What is the greatest common factor of 4743 and 612?
153
What is the highest common factor of 57 and 3249?
57
Calculate the highest common divisor of 102 and 425.
17
Calculate the highest common factor of 510 and 204.
102
What is the highest common factor of 8 and 11680?
8
Calculate the highest common divisor of 162 and 792.
18
What is the highest common factor of 110 and 110?
110
Calculate the greatest common factor of 45 and 32040.
45
What is the greatest common factor of 79 and 57038?
79
Calculate the greatest common divisor of 9 and 612.
9
Calculate the highest common factor of 165 and 30.
15
What is the greatest common factor of 7616 and 7?
7
What is the greatest common divisor of 35 and 7805?
35
What is the greatest common divisor of 4983 and 33?
33
Calculate the highest common factor of 500 and 375.
125
What is the highest common divisor of 1 and 367?
1
What is the highest common divisor of 221 and 306?
17
What is the highest common divisor of 26 and 52?
26
Calculate the highest common factor of 65 and 37310.
65
What is the greatest common factor of 110 and 1760?
110
What is the highest common divisor of 2 and 1234?
2
What is the highest common divisor of 15 and 285?
15
What is the greatest common factor of 145 and 261?
29
What is the greatest common divisor of 135 and 8055?
45
What is the greatest common divisor of 5450 and 327?
109
Calculate the highest common divisor of 19827 and 9.
9
What is the greatest common divisor of 15915 and 30?
15
Calculate the greatest common divisor of 1518 and 276.
138
What is the greatest common factor of 3686 and 114?
38
What is the greatest common factor of 34 and 238?
34
What is the greatest common divisor of 5 and 445?
5
What is the highest common factor of 48 and 112?
16
What is the greatest common factor of 63 and 567?
63
Calculate the highest common divisor of 66 and 19503.
33
Calculate the highest common factor of 725 and 87.
29
What is the greatest common factor of 319 and 29?
29
Calculate the greatest common factor of 76 and 4294.
38
What is the highest common divisor of 13452 and 3894?
354
What is the greatest common divisor of 14454 and 198?
198
What is the highest common divisor of 9 and 33?
3
What is the greatest common factor of 256 and 22784?
256
What is the highest common divisor of 6308 and 8?
4
Calculate the highest common factor of 6 and 14034.
6
Calculate the greatest common divisor of 470 and 40.
10
What is the highest common factor of 98 and 182?
14
What is the greatest common divisor of 1008 and 112?
112
Calculate the greatest common factor of 10 and 10.
10
What is the greatest common factor of 4401 and 326?
163
Calculate the greatest common divisor of 96 and 208.
16
Calculate the highest common factor of 13886 and 106.
106
What is the highest common divisor of 1660 and 2241?
83
What is the highest common factor of 497 and 49?
7
What is the greatest common factor of 2 and 5179?
1
Calculate the greatest common factor of 80 and 384.
16
Calculate the greatest common divisor of 32 and 8992.
32
What is 